305444554 - 1?
-305444555
In base 9, what is -80163 + -704?
-80867
In base 5, what is -32 + -3000212203?
-3000212240
In base 5, what is -4400 + 323400?
314000
In base 2, what is -10101101100110101100001111110 - -101?
-10101101100110101100001111001
In base 9, what is -4622881 - 4?
-4622885
In base 10, what is -9604 - -541?
-9063
In base 7, what is -1542024 + 1024?
-1541000
In base 16, what is -280 - 1b42?
-1dc2
In base 5, what is 1002 - -40141423?
40142430
In base 15, what is -2e5c + 934?
-2528
In base 12, what is 40399508 + -1?
40399507
In base 10, what is -4526482 - 13?
-4526495
In base 7, what is -136444511 + 5?
-136444503
In base 9, what is -226 + 1124?
787
In base 8, what is 736117 - -73?
736212
In base 8, what is 1426 - 2042?
-414
In base 4, what is -10011333 - -322131?
-3023202
In base 14, what is 14ab1b - -8?
14ab25
In base 15, what is -1e43 + -a8?
-1eeb
In base 7, what is -26 - -1213003410?
1213003351
In base 7, what is -52 - -36635202?
36635120
In base 10, what is -7 + -41240451?
-41240458
In base 4, what is -2221310200 - -1?
-2221310133
In base 11, what is 56 - -1375417?
1375472
In base 16, what is 227a9 - baf?
21bfa
In base 2, what is 101100000111000001 + -10111?
101100000110101010
In base 14, what is 1d - 55c26?
-55c07
In base 2, what is -11100001010110111101 - 1000?
-11100001010111000101
In base 16, what is 928ba + 3?
928bd
In base 10, what is -38 + -192028?
-192066
In base 3, what is 110220202000211 - -112?
110220202001100
In base 12, what is -19149a20 - 5?
-19149a25
In base 5, what is 0 + -314023114313?
-314023114313
In base 2, what is -101001111010011010001111 + 1?
-101001111010011010001110
In base 7, what is -22544 - -21341?
-1203
In base 11, what is 13716a133 - -2?
13716a135
In base 14, what is -6a - -43079b?
430731
In base 14, what is -30 + -393ac?
-393dc
In base 10, what is 2203 + -22724?
-20521
In base 10, what is -158379507 - 5?
-158379512
In base 4, what is 12232212003 - 223?
12232211120
In base 14, what is b45 - -4c3c?
5983
In base 8, what is 6 - 3042553?
-3042545
In base 14, what is -5 - -6ca9d0?
6ca9c9
In base 3, what is 22200 + 1011102012?
1011201212
In base 10, what is -719062 + -217?
-719279
In base 13, what is -28b2083 - 0?
-28b2083
In base 16, what is e + 6d03d?
6d04b
In base 2, what is -1000011010011 - 10010011001111?
-11010110100010
In base 11, what is 0 - -5695452?
5695452
In base 11, what is 1696 + 236a41?
238627
In base 10, what is 218128 + -65?
218063
In base 8, what is 51212723 + -5?
51212716
In base 8, what is -3716 - 231772?
-235710
In base 10, what is -2244670 + -2?
-2244672
In base 3, what is -1 - 1220221212111?
-1220221212112
In base 2, what is 11010 - -10000100101111111?
10000100110011001
In base 15, what is -161496 + -6?
-16149c
In base 11, what is 4 - -393619?
393622
In base 11, what is -169 + -23166?
-23324
In base 3, what is -12020110 + 11011120?
-1001220
In base 9, what is 440 - 3541?
-3101
In base 12, what is 27 + 184a1?
18508
In base 16, what is 3731d - -1b?
37338
In base 15, what is 498c4 - a?
498b9
In base 12, what is 1118216 - 4?
1118212
In base 12, what is -12 + -189979?
-18998b
In base 13, what is -37cc0 - -92?
-37c2b
In base 16, what is -1a5988 + 2a?
-1a595e
In base 13, what is 2b1a - -79c?
35b9
In base 9, what is 4 + 13680040?
13680044
In base 10, what is 15986 - -7156?
23142
In base 13, what is -1b194 + 203a?
-19157
In base 5, what is 1 - 1422122233?
-1422122232
In base 9, what is -3 - 106620317?
-106620321
In base 11, what is 91 - -190aa2?
191083
In base 11, what is a84496 - 3?
a84493
In base 10, what is -110 + 179931?
179821
In base 9, what is -3 - -36004446?
36004443
In base 6, what is 3030 + -10525221?
-10522151
In base 10, what is -69952048 + -1?
-69952049
In base 7, what is -13342350 - 53?
-13342433
In base 16, what is -4126 + c9a?
-348c
In base 2, what is -111000001100100001010 - -1100110?
-111000001100010100100
In base 3, what is -1010220 - -22212211?
21201221
In base 4, what is -133301330330 - -3?
-133301330321
In base 4, what is -11023120 - 12102?
-11101222
In base 4, what is 102230211 - -1200000?
110030211
In base 15, what is -29b - 305e24?
-3061c0
In base 9, what is -5225 + -6363?
-12588
In base 2, what is 10000100011101001111010110100 - -10?
10000100011101001111010110110
In base 4, what is 2132311103 + 2320?
2132320023
In base 12, what is 4 + -69aa58b?
-69aa587
In base 6, what is 22324 - 3510?
14414
In base 10, what is 0 - -22778701?
22778701
In base 4, what is -100031232 - -21?
-100031211
In base 13, what is -13 + 845c1?
845ab
In base 8, what is -24 - -257243057?
257243033
In base 12, what is -435 - -b875?
b440
In base 16, what is 28050 + 67?
280b7
In base 7, what is -5 - 161250162?
-161250200
In base 16, what is -307384 + b?
-307379
In base 12, what is -18116 - -2186?
-15b50
In base 15, what is -3176 - -94e3?
636c
In base 8, what is 22 - 73616641?
-73616617
In base 15, what is 47 + 15c18?
15c60
In base 2, what is -111 + -110111110100000011011?
-110111110100000100010
In base 13, what is -b666 - 803?
-c169
In base 10, what is -125 + -46413?
-46538
In base 7, what is -40525 + -5400?
-46225
In base 2, what is 100111100001 - -1001110110100111?
1010011110001000
In base 6, what is -14542335531 - -2?
-14542335525
In base 5, what is 3404322 - 120?
3404202
In base 4, what is -12220222032 - 123?
-12220222221
In base 8, what is 336570 - 4?
336564
In base 13, what is 14836 - -795?
152cb
In base 4, what is -210310332023 + 23?
-210310332000
In base 12, what is -703119 + -586?
-7036a3
In base 5, what is -23310211 + 410?
-23304301
In base 16, what is -1e5ae0 + -65?
-1e5b45
In base 8, what is 4 - 15117476?
-15117472
In base 5, what is 33214444 - 222?
33214222
In base 6, what is 24343311415 - -3?
24343311422
In base 10, what is 312111 + -1289?
310822
In base 15, what is -5 + 3e0acac?
3e0aca7
In base 12, what is 678ab + 85?
67974
In base 8, what is -5 + 25573573?
25573566
In base 15, what is -197ced + -62?
-197d60
In base 13, what is 43 + 212a37b?
212a3c1
In base 9, what is -40182 - -7734?
-31347
In base 4, what is 1032223101 + 31?
1032223132
In base 16, what is 9a9a - -224?
9cbe
In base 2, what is -1 - 101011011100011001100?
-101011011100011001101
In base 12, what is -22 - -164753?
164731
In base 13, what is -1a0c47 - 532?
-1a1479
In base 16, what is 33750 - -285?
339d5
In base 15, what is -5 - da4265?
-da426a
In base 2, what is -10000001000110111110000 + 1111110?
-10000001000110101110010
In base 13, what is 0 - -1c86382?
1c86382
In base 8, what is -15132 - 3607?
-20741
In base 12, what is 12b89b + -1b6?
12b6a5
In base 9, what is 5711878 - -212?
5712201
In base 9, what is -25363 + -603?
-26066
In base 14, what is -11 + -4d104?
-4d115
In base 13, what is 13a55b + -70?
13a4bb
In base 11, what is -17649415 + 2?
-17649413
In base 15, what is -7a54b - -4e8?
-7a053
In base 14, what is 105 - 73a925?
-73a820
In base 11, what is -6646aa - 4?
-664703
In base 6, what is 35 + 100020510?
100020545
In base 10, what is -298484213 - -1?
-298484212
In base 16, what is 0 + 262ac7?
262ac7
In base 16, what is 5ccb33 + -55?
5ccade
In base 9, what is -10177 + 307321?
287133
In base 13, what is 3773ba + 37?
377424
In base 12, what is -57 - -4179b?
41744
In base 8, what is -144315711 + -1?
-144315712
In base 9, what is 16272670 - 30?
16272640
In base 15, what is 1675b105 + -4?
1675b101
In base 8, what is 5 + 31176466?
31176473
In base 7, what is -2555 + 12066?
6211
In base 6, what is 5234515 + 32041?
5311000
In base 6, what is -3 + -51043111?
-51043114
In base 8, what is -1051571 + 122?
-1051447
In base 12, what is -1bba51 + 0?
-1bba51
In base 4, what is 2 - 11030321322003?
-11030321322001
In base 7, what is -512254 + 1124?
-511130
In base 7, what is 4 - -223421?
223425
In base 5, what is 1202243 + -4141?
1143102
In base 12, what is 2b74872 + -23?
2b7484b
In base 10, what is -590192 + -39?
-590231
In base 9, what is 12 + 13508232?
13508244
In base 14, what is 4 + -1638aa6b?
-1638aa67
In base 2, what is 10111110100 - 101000100010110101011?
-101000011111110110111
In base 10, what is -35546 - 6180?
-41726
In base 14, what is 2d12c + 2646?
31774
In base 11, what is 41121 + -962?
4026a
In base 5, what is 1311333133 + -2?
1311333131
In base 6, what is 2 - -1542420040?
1542420042
In base 12, what is -1029 - 3b09?
-